{"id":16650,"date":"2020-02-24T22:15:15","date_gmt":"2020-02-24T22:15:15","guid":{"rendered":"https:\/\/demo01.houzez.co\/?page_id=16650"},"modified":"2023-05-24T10:56:53","modified_gmt":"2023-05-24T10:56:53","slug":"about","status":"publish","type":"page","link":"https:\/\/baldopromocions.com\/?page_id=16650","title":{"rendered":"Sobre Bald\u00f3"},"content":{"rendered":"\t\t<div data-elementor-type=\"wp-page\" data-elementor-id=\"16650\" class=\"elementor elementor-16650\">\n\t\t\t\t\t\t\t\t\t<section class=\"elementor-section elementor-top-section elementor-element elementor-element-5b81e21 elementor-section-height-min-height animated-slow elementor-section-boxed elementor-section-height-default elementor-section-items-middle elementor-invisible\" data-id=\"5b81e21\" data-element_type=\"section\" data-settings=\"{&quot;background_background&quot;:&quot;classic&quot;,&quot;animation&quot;:&quot;fadeIn&quot;}\">\n\t\t\t\t\t\t\t<div class=\"elementor-background-overlay\"><\/div>\n\t\t\t\t\t\t\t<div class=\"elementor-container elementor-column-gap-default\">\n\t\t\t\t\t<div class=\"elementor-column elementor-col-100 elementor-top-column elementor-element elementor-element-ad367f8\" data-id=\"ad367f8\" data-element_type=\"column\">\n\t\t\t<div class=\"elementor-widget-wrap elementor-element-populated\">\n\t\t\t\t\t\t\t\t<div class=\"elementor-element elementor-element-0e7939f elementor-widget elementor-widget-heading\" data-id=\"0e7939f\" data-element_type=\"widget\" data-widget_type=\"heading.default\">\n\t\t\t\t<div class=\"elementor-widget-container\">\n\t\t\t<style>\/*! elementor - v3.17.0 - 08-11-2023 *\/\n.elementor-heading-title{padding:0;margin:0;line-height:1}.elementor-widget-heading .elementor-heading-title[class*=elementor-size-]>a{color:inherit;font-size:inherit;line-height:inherit}.elementor-widget-heading .elementor-heading-title.elementor-size-small{font-size:15px}.elementor-widget-heading .elementor-heading-title.elementor-size-medium{font-size:19px}.elementor-widget-heading .elementor-heading-title.elementor-size-large{font-size:29px}.elementor-widget-heading .elementor-heading-title.elementor-size-xl{font-size:39px}.elementor-widget-heading .elementor-heading-title.elementor-size-xxl{font-size:59px}<\/style><h1 class=\"elementor-heading-title elementor-size-default\">Qui som<\/h1>\t\t<\/div>\n\t\t\t\t<\/div>\n\t\t\t\t\t<\/div>\n\t\t<\/div>\n\t\t\t\t\t\t\t<\/div>\n\t\t<\/section>\n\t\t\t\t<section class=\"elementor-section elementor-top-section elementor-element elementor-element-09038dc elementor-section-boxed elementor-section-height-default elementor-section-height-default\" data-id=\"09038dc\" data-element_type=\"section\" data-settings=\"{&quot;background_background&quot;:&quot;classic&quot;}\">\n\t\t\t\t\t\t<div class=\"elementor-container elementor-column-gap-default\">\n\t\t\t\t\t<div class=\"elementor-column elementor-col-100 elementor-top-column elementor-element elementor-element-c8278ac\" data-id=\"c8278ac\" data-element_type=\"column\">\n\t\t\t<div class=\"elementor-widget-wrap elementor-element-populated\">\n\t\t\t\t\t\t\t\t<div class=\"elementor-element elementor-element-3271868 elementor-widget elementor-widget-spacer\" data-id=\"3271868\" data-element_type=\"widget\" data-widget_type=\"spacer.default\">\n\t\t\t\t<div class=\"elementor-widget-container\">\n\t\t\t<style>\/*! elementor - v3.17.0 - 08-11-2023 *\/\n.elementor-column .elementor-spacer-inner{height:var(--spacer-size)}.e-con{--container-widget-width:100%}.e-con-inner>.elementor-widget-spacer,.e-con>.elementor-widget-spacer{width:var(--container-widget-width,var(--spacer-size));--align-self:var(--container-widget-align-self,initial);--flex-shrink:0}.e-con-inner>.elementor-widget-spacer>.elementor-widget-container,.e-con>.elementor-widget-spacer>.elementor-widget-container{height:100%;width:100%}.e-con-inner>.elementor-widget-spacer>.elementor-widget-container>.elementor-spacer,.e-con>.elementor-widget-spacer>.elementor-widget-container>.elementor-spacer{height:100%}.e-con-inner>.elementor-widget-spacer>.elementor-widget-container>.elementor-spacer>.elementor-spacer-inner,.e-con>.elementor-widget-spacer>.elementor-widget-container>.elementor-spacer>.elementor-spacer-inner{height:var(--container-widget-height,var(--spacer-size))}.e-con-inner>.elementor-widget-spacer.elementor-widget-empty,.e-con>.elementor-widget-spacer.elementor-widget-empty{position:relative;min-height:22px;min-width:22px}.e-con-inner>.elementor-widget-spacer.elementor-widget-empty .elementor-widget-empty-icon,.e-con>.elementor-widget-spacer.elementor-widget-empty .elementor-widget-empty-icon{position:absolute;top:0;bottom:0;left:0;right:0;margin:auto;padding:0;width:22px;height:22px}<\/style>\t\t<div class=\"elementor-spacer\">\n\t\t\t<div class=\"elementor-spacer-inner\"><\/div>\n\t\t<\/div>\n\t\t\t\t<\/div>\n\t\t\t\t<\/div>\n\t\t\t\t<div class=\"elementor-element elementor-element-e7372b6 animated-slow elementor-invisible elementor-widget elementor-widget-houzez_elementor_section_title\" data-id=\"e7372b6\" data-element_type=\"widget\" data-settings=\"{&quot;_animation&quot;:&quot;fadeIn&quot;}\" data-widget_type=\"houzez_elementor_section_title.default\">\n\t\t\t\t<div class=\"elementor-widget-container\">\n\t\t\t            <div class=\"houzez_section_title_wrap section-title-module\">\n                                    <h2 class=\"houzez_section_title\">La confian\u00e7a de tota una vida i l'experi\u00e8ncia de diverses generacions\n<\/h2>\n                \n                            <\/div>\n            \t\t<\/div>\n\t\t\t\t<\/div>\n\t\t\t\t<div class=\"elementor-element elementor-element-69fe9b8 elementor-widget elementor-widget-text-editor\" data-id=\"69fe9b8\" data-element_type=\"widget\" data-widget_type=\"text-editor.default\">\n\t\t\t\t<div class=\"elementor-widget-container\">\n\t\t\t<style>\/*! elementor - v3.17.0 - 08-11-2023 *\/\n.elementor-widget-text-editor.elementor-drop-cap-view-stacked .elementor-drop-cap{background-color:#69727d;color:#fff}.elementor-widget-text-editor.elementor-drop-cap-view-framed .elementor-drop-cap{color:#69727d;border:3px solid;background-color:transparent}.elementor-widget-text-editor:not(.elementor-drop-cap-view-default) .elementor-drop-cap{margin-top:8px}.elementor-widget-text-editor:not(.elementor-drop-cap-view-default) .elementor-drop-cap-letter{width:1em;height:1em}.elementor-widget-text-editor .elementor-drop-cap{float:left;text-align:center;line-height:1;font-size:50px}.elementor-widget-text-editor .elementor-drop-cap-letter{display:inline-block}<\/style>\t\t\t\t<p>Bald\u00f3 Promocions, es funda el 1.980 amb el nom de Construcciones Terrassa, S.A., posteriorment al 2.002 passa a denominar-se com avui dia, Bald\u00f3 2.2 Promocions S.A. amb seu a Terrassa (Barcelona). Pertany al Grup d&#8217;empreses Bald\u00f3 i t\u00e9 l&#8217;experi\u00e8ncia de tres generacions, al sector de la construcci\u00f3 i immobiliari.<\/p><p>Inversions Balcaba, tamb\u00e9 amb seu a Terrassa, es funda el 1996, per cobrir la necessitat de gestionar les finques de lloguer i posteriorment algunes promocions.<\/p><p>De generaci\u00f3 a generaci\u00f3 s&#8217;ha anat transmetent, un llegat que \u00e9s capital a totes les empreses del grup Bald\u00f3: \u201cel plaer per les coses ben fetes, per la qualitat\u201d. Des que l&#8217;avi Josep Bald\u00f3 Casanovas va crear la primera empresa constructora el 1.927, el seu fill, Josep M\u00aa que tamb\u00e9 exercia l&#8217;activitat de contractista des del 1.958, va fundar amb el seu germ\u00e0, Jordi Bald\u00f3 Ma\u00f1osa, al 1.972, l&#8217;empresa constructora: Construccions Bald\u00f3 , S.A., ara, en 3\u00aa generaci\u00f3, Bald\u00f3 i Associats Constructora S.A.<\/p><p>Amb Inversions Balcaba S.L.U. i Bald\u00f3 2.2 Promocions S.A., es recull el testimoni del \u201cbon fer\u201d heretat de l&#8217;avi Bald\u00f3. Aix\u00ed, des de la seva fundaci\u00f3 el 1.980, Bald\u00f3 Promociones S.A. i des de 1996, Inversions Balcaba, S.L.U. han consolidat una imatge de prestigi i serietat al sector immobiliari, que garanteix als nostres clients edificis de primera qualitat a les millors zones del Vall\u00e8s.<\/p><p>Una acurada gesti\u00f3 de solars i parcel\u00b7les permet oferir als nostres clients, en lloguer o venda, edificis d&#8217;habitatges plurifamiliars, cases unifamiliars, naus, oficines o locals comercials molt variats, aix\u00ed com places de p\u00e0rquing i trasters, a les millors ubicacions de cada ciutat, amb les millors comunicacions i amb tots els serveis a l&#8217;abast.<\/p><p>\u00a0<\/p><p>A les promocions, gr\u00e0cies a la nostra acurada gesti\u00f3 des de l&#8217;inici fins al final de l&#8217;obra, podem oferir als nostres clients habitatges amb dissenys actuals i molt ben constru\u00efts, amb els est\u00e0ndards m\u00e9s alts de qualitat i un gran valor afegit. El professional equip de Bald\u00f3 Promocions i Inversions Balcaba, motivat, comprom\u00e8s, amb vocaci\u00f3 de servei i amb la filosofia del \u00abtreball ben fet\u00bb, sempre present en aquesta Companyia, vetllen per la m\u00e0xima satisfacci\u00f3 i un servei impecable al client.<br \/><br \/>Proporcionem als nostres clients tota mena de solucions perqu\u00e8 cada habitatge, local o oficina s&#8217;adapti a les seves necessitats particulars, proposant les solucions de m\u00e9s valor afegit.<br \/><br \/>Som conseq\u00fcents amb el nostre comprom\u00eds cap al client i per aix\u00f2 involucrem els nostres prove\u00efdors en un continu esfor\u00e7 a la recerca de l&#8217;excel\u00b7l\u00e8ncia.<br \/><br \/>Bald\u00f3 Promocions i Inversions Balcaba disposen d&#8217;una organitzaci\u00f3 flexible, amb una gran capacitat d&#8217;adaptaci\u00f3 a noves oportunitats de mercat i noves tecnologies.<br \/><br \/>L\u00b4experi\u00e8ncia de tres generacions i la seguretat d\u00b4una empresa immobili\u00e0ria pertanyent a un s\u00f2lid grup com BALD\u00d3, amb una varietat d\u00b4habitatges, naus industrials i edificis p\u00fablics constru\u00efts, s\u00f3n l\u00b4aval m\u00e9s important per a tota aquella persona que estigui buscant un habitatge per viure, un local o oficina per instal\u00b7lar el seu negoci o simplement un valor segur on invertir els diners.<\/p>\t\t\t\t\t\t<\/div>\n\t\t\t\t<\/div>\n\t\t\t\t<div class=\"elementor-element elementor-element-89a95a6 elementor-widget elementor-widget-spacer\" data-id=\"89a95a6\" data-element_type=\"widget\" data-widget_type=\"spacer.default\">\n\t\t\t\t<div class=\"elementor-widget-container\">\n\t\t\t\t\t<div class=\"elementor-spacer\">\n\t\t\t<div class=\"elementor-spacer-inner\"><\/div>\n\t\t<\/div>\n\t\t\t\t<\/div>\n\t\t\t\t<\/div>\n\t\t\t\t\t<\/div>\n\t\t<\/div>\n\t\t\t\t\t\t\t<\/div>\n\t\t<\/section>\n\t\t\t\t\t\t\t<\/div>\n\t\t","protected":false},"excerpt":{"rendered":"<p>Qui som La confian\u00e7a de tota una vida i l&#8217;experi\u00e8ncia de diverses generacions Bald\u00f3 Promocions, es funda el 1.980 amb el nom de Construcciones Terrassa, S.A., posteriorment al 2.002 passa a denominar-se com avui dia, Bald\u00f3 2.2 Promocions S.A. amb seu a Terrassa (Barcelona). Pertany al Grup d&#8217;empreses Bald\u00f3 i t\u00e9 l&#8217;experi\u00e8ncia de tres generacions, [&hellip;]<\/p>\n","protected":false},"author":1,"featured_media":0,"parent":0,"menu_order":0,"comment_status":"closed","ping_status":"closed","template":"template\/template-homepage.php","meta":{"footnotes":""},"class_list":["post-16650","page","type-page","status-publish","hentry"],"_links":{"self":[{"href":"https:\/\/baldopromocions.com\/index.php?rest_route=\/wp\/v2\/pages\/16650","targetHints":{"allow":["GET"]}}],"collection":[{"href":"https:\/\/baldopromocions.com\/index.php?rest_route=\/wp\/v2\/pages"}],"about":[{"href":"https:\/\/baldopromocions.com\/index.php?rest_route=\/wp\/v2\/types\/page"}],"author":[{"embeddable":true,"href":"https:\/\/baldopromocions.com\/index.php?rest_route=\/wp\/v2\/users\/1"}],"replies":[{"embeddable":true,"href":"https:\/\/baldopromocions.com\/index.php?rest_route=%2Fwp%2Fv2%2Fcomments&post=16650"}],"version-history":[{"count":23,"href":"https:\/\/baldopromocions.com\/index.php?rest_route=\/wp\/v2\/pages\/16650\/revisions"}],"predecessor-version":[{"id":18486,"href":"https:\/\/baldopromocions.com\/index.php?rest_route=\/wp\/v2\/pages\/16650\/revisions\/18486"}],"wp:attachment":[{"href":"https:\/\/baldopromocions.com\/index.php?rest_route=%2Fwp%2Fv2%2Fmedia&parent=16650"}],"curies":[{"name":"wp","href":"https:\/\/api.w.org\/{rel}","templated":true}]}}