{"id":17685,"date":"2023-03-15T14:32:25","date_gmt":"2023-03-15T14:32:25","guid":{"rendered":"https:\/\/baldopromocions.com\/?post_type=property&#038;p=17685"},"modified":"2023-05-24T09:43:55","modified_gmt":"2023-05-24T09:43:55","slug":"locals-comercials-ctra-martorell-terrassa","status":"publish","type":"property","link":"https:\/\/baldopromocions.com\/?property=locals-comercials-ctra-martorell-terrassa","title":{"rendered":"Locals comercials Ctra. Martorell (Terrassa)"},"content":{"rendered":"\n<p><strong>Disponibles&nbsp;2 locals comercials o per oficines&nbsp;de 78m2 i&nbsp;de 53m2, disponibles per&nbsp;lloguer o venda,&nbsp;pregunti\u2019ns i els hi ensenyem o enviem mes informaci\u00f3&nbsp;<\/strong><\/p>\n\n\n\n<p>El local de 78m2 es&nbsp;ideal per oficina,&nbsp;esta&nbsp;totalment equipat per entrar-hi a treballar. Disposa de Parket, separacions per despatxos: sala de juntes o despatx, sala de treball per 5 o 6 llocs, sala d&#8217;espera i&nbsp;Office, aire condicionat fred\/calor, sostre&nbsp;t\u00e9cnic&nbsp;amb instal\u00b7laci\u00f3 de llums.<\/p>\n\n\n\n<p>Als llocs de treball hi ha&nbsp;instal\u00b7laci\u00f3 feta de telefonia, ADSL\/internet, electricitat i fax. Si ho desitja li podem enviar un dossier comercial, demani&#8217;l sense cap&nbsp;comprom\u00eds. Aquest local&nbsp;esta&nbsp;actualment&nbsp;esta&nbsp;llogat, per\u00f2 es disponible per a la venda. Disposem tamb\u00e9 d&#8217;un altre local exterior, de 53m2 amb gran aparador, disponible per a lloguer o per la venda.<a href=\"http:\/\/youtu.be\/RMyZwBq-qk0\" target=\"_blank\" rel=\"noopener\"><\/a><\/p>\n\n\n\n<p><strong>Enlla\u00e7 per veure el video del local ideal per oficina:<\/strong><\/p>\n\n\n\n<p><a href=\"http:\/\/youtu.be\/nuVF9GTqwXs\" target=\"_blank\" rel=\"noopener\">http:\/\/youtu.be\/nuVF9GTqwXs<\/a><\/p>\n","protected":false},"excerpt":{"rendered":"<p>Disponibles&nbsp;2 locals comercials o per oficines&nbsp;de 78m2 i&nbsp;de 53m2, disponibles per&nbsp;lloguer o venda,&nbsp;pregunti\u2019ns i els hi ensenyem o enviem mes informaci\u00f3&nbsp; El local de 78m2 es&nbsp;ideal per oficina,&nbsp;esta&nbsp;totalment equipat per entrar-hi a treballar. Disposa de Parket, separacions per despatxos: sala de juntes o despatx, sala de treball per 5 o 6 llocs, sala d&#8217;espera i&nbsp;Office, [&hellip;]<\/p>\n","protected":false},"author":1,"featured_media":0,"parent":0,"menu_order":0,"template":"","property_type":[47,25,58],"property_status":[29,28],"property_feature":[],"property_label":[96,274],"property_country":[64],"property_state":[21],"property_city":[23],"property_area":[],"class_list":["post-17685","property","type-property","status-publish","hentry","property_type-comercials","property_type-locals","property_type-oficines","property_status-compra","property_status-lloguer","property_label-novetat","property_label-obra-realitzada","property_country-espanya","property_state-catalunya","property_city-terrassa"],"property_meta":{"_edit_lock":["1716907887:1"],"_edit_last":["1"],"fave_property_map":["1"],"fave_property_location":["41.555784684996,2.002846039001,21"],"houzez_geolocation_lat":["41.555784684996"],"houzez_geolocation_long":["2.002846039001"],"fave_property_map_street_view":["hide"],"fave_featured":["0"],"houzez_featured_listing_date":[""],"fave_loggedintoview":["0"],"fave_agent_display_option":["author_info"],"fave_prop_homeslider":["no"],"fave_single_top_area":["global"],"fave_single_content_area":["global"],"houzez_manual_expire":["0"],"_houzez_expiration_date_status":["saved"],"fave_video_url":["http:\/\/youtu.be\/nuVF9GTqwXs"],"houzez_total_property_views":["2222"],"houzez_views_by_date":["a:61:{s:10:\"02-17-2026\";i:6;s:10:\"02-18-2026\";i:2;s:10:\"02-20-2026\";i:5;s:10:\"02-22-2026\";i:2;s:10:\"02-23-2026\";i:6;s:10:\"02-24-2026\";i:4;s:10:\"02-26-2026\";i:5;s:10:\"02-27-2026\";i:2;s:10:\"02-28-2026\";i:1;s:10:\"03-01-2026\";i:9;s:10:\"03-02-2026\";i:1;s:10:\"03-03-2026\";i:3;s:10:\"03-04-2026\";i:2;s:10:\"03-05-2026\";i:3;s:10:\"03-06-2026\";i:2;s:10:\"03-08-2026\";i:3;s:10:\"03-09-2026\";i:6;s:10:\"03-12-2026\";i:2;s:10:\"03-13-2026\";i:3;s:10:\"03-15-2026\";i:3;s:10:\"03-17-2026\";i:4;s:10:\"03-18-2026\";i:1;s:10:\"03-19-2026\";i:1;s:10:\"03-20-2026\";i:3;s:10:\"03-21-2026\";i:3;s:10:\"03-22-2026\";i:8;s:10:\"03-23-2026\";i:5;s:10:\"03-24-2026\";i:1;s:10:\"03-25-2026\";i:7;s:10:\"03-26-2026\";i:3;s:10:\"03-28-2026\";i:2;s:10:\"03-29-2026\";i:1;s:10:\"03-30-2026\";i:1;s:10:\"04-01-2026\";i:2;s:10:\"04-02-2026\";i:2;s:10:\"04-03-2026\";i:3;s:10:\"04-05-2026\";i:4;s:10:\"04-06-2026\";i:3;s:10:\"04-07-2026\";i:1;s:10:\"04-08-2026\";i:1;s:10:\"04-10-2026\";i:1;s:10:\"04-11-2026\";i:2;s:10:\"04-12-2026\";i:1;s:10:\"04-15-2026\";i:1;s:10:\"04-16-2026\";i:4;s:10:\"04-17-2026\";i:2;s:10:\"04-19-2026\";i:2;s:10:\"04-20-2026\";i:1;s:10:\"04-21-2026\";i:4;s:10:\"04-22-2026\";i:2;s:10:\"04-23-2026\";i:8;s:10:\"04-24-2026\";i:2;s:10:\"04-25-2026\";i:2;s:10:\"04-26-2026\";i:4;s:10:\"04-27-2026\";i:2;s:10:\"04-28-2026\";i:2;s:10:\"04-29-2026\";i:1;s:10:\"04-30-2026\";i:3;s:10:\"05-01-2026\";i:6;s:10:\"05-02-2026\";i:1;s:10:\"05-03-2026\";i:2;}"],"houzez_recently_viewed":["2026-05-03 13:53:00"],"fave_parking-inclc3b2s":["Opcional"],"fave_zona-oficines-m2":["53 i 78 m2"],"fave_property_address":["Ctra. de Martorell, 119"],"fave_property_zip":["08224"],"fave_property_images":["17765","17762","17756","17761","17758","17759","17760","17754","17773","17766","17767","17750","17768","17769","17751","17771","17757","17770","17755","17753","17772","17752","17764"],"rank_math_internal_links_processed":["1"]},"_links":{"self":[{"href":"https:\/\/baldopromocions.com\/index.php?rest_route=\/wp\/v2\/properties\/17685","targetHints":{"allow":["GET"]}}],"collection":[{"href":"https:\/\/baldopromocions.com\/index.php?rest_route=\/wp\/v2\/properties"}],"about":[{"href":"https:\/\/baldopromocions.com\/index.php?rest_route=\/wp\/v2\/types\/property"}],"author":[{"embeddable":true,"href":"https:\/\/baldopromocions.com\/index.php?rest_route=\/wp\/v2\/users\/1"}],"version-history":[{"count":7,"href":"https:\/\/baldopromocions.com\/index.php?rest_route=\/wp\/v2\/properties\/17685\/revisions"}],"predecessor-version":[{"id":17839,"href":"https:\/\/baldopromocions.com\/index.php?rest_route=\/wp\/v2\/properties\/17685\/revisions\/17839"}],"wp:attachment":[{"href":"https:\/\/baldopromocions.com\/index.php?rest_route=%2Fwp%2Fv2%2Fmedia&parent=17685"}],"wp:term":[{"taxonomy":"property_type","embeddable":true,"href":"https:\/\/baldopromocions.com\/index.php?rest_route=%2Fwp%2Fv2%2Fproperty_type&post=17685"},{"taxonomy":"property_status","embeddable":true,"href":"https:\/\/baldopromocions.com\/index.php?rest_route=%2Fwp%2Fv2%2Fproperty_status&post=17685"},{"taxonomy":"property_feature","embeddable":true,"href":"https:\/\/baldopromocions.com\/index.php?rest_route=%2Fwp%2Fv2%2Fproperty_feature&post=17685"},{"taxonomy":"property_label","embeddable":true,"href":"https:\/\/baldopromocions.com\/index.php?rest_route=%2Fwp%2Fv2%2Fproperty_label&post=17685"},{"taxonomy":"property_country","embeddable":true,"href":"https:\/\/baldopromocions.com\/index.php?rest_route=%2Fwp%2Fv2%2Fproperty_country&post=17685"},{"taxonomy":"property_state","embeddable":true,"href":"https:\/\/baldopromocions.com\/index.php?rest_route=%2Fwp%2Fv2%2Fproperty_state&post=17685"},{"taxonomy":"property_city","embeddable":true,"href":"https:\/\/baldopromocions.com\/index.php?rest_route=%2Fwp%2Fv2%2Fproperty_city&post=17685"},{"taxonomy":"property_area","embeddable":true,"href":"https:\/\/baldopromocions.com\/index.php?rest_route=%2Fwp%2Fv2%2Fproperty_area&post=17685"}],"curies":[{"name":"wp","href":"https:\/\/api.w.org\/{rel}","templated":true}]}}

<p><strong>Disponibles&nbsp;2 locals comercials o per oficines&nbsp;de 78m2 i&nbsp;de 53m2, disponibles per&nbsp;lloguer o venda,&nbsp;pregunti’ns i els hi ensenyem o enviem mes informació&nbsp;</strong></p>



<p>El local de 78m2 es&nbsp;ideal per oficina,&nbsp;esta&nbsp;totalment equipat per entrar-hi a treballar. Disposa de Parket, separacions per despatxos: sala de juntes o despatx, sala de treball per 5 o 6 llocs, sala d&#8217;espera i&nbsp;Office, aire condicionat fred/calor, sostre&nbsp;técnic&nbsp;amb instal·lació de llums.</p>



<p>Als llocs de treball hi ha&nbsp;instal·lació feta de telefonia, ADSL/internet, electricitat i fax. Si ho desitja li podem enviar un dossier comercial, demani&#8217;l sense cap&nbsp;compromís. Aquest local&nbsp;esta&nbsp;actualment&nbsp;esta&nbsp;llogat, però es disponible per a la venda. Disposem també d&#8217;un altre local exterior, de 53m2 amb gran aparador, disponible per a lloguer o per la venda.<a href="http://youtu.be/RMyZwBq-qk0" target="_blank" rel="noopener"></a></p>



<p><strong>Enllaç per veure el video del local ideal per oficina:</strong></p>



<p><a href="http://youtu.be/nuVF9GTqwXs" target="_blank" rel="noopener">http://youtu.be/nuVF9GTqwXs</a></p>

<p>Disponibles&nbsp;2 locals comercials o per oficines&nbsp;de 78m2 i&nbsp;de 53m2, disponibles per&nbsp;lloguer o venda,&nbsp;pregunti’ns i els hi ensenyem o enviem mes informació&nbsp; El local de 78m2 es&nbsp;ideal per oficina,&nbsp;esta&nbsp;totalment equipat per entrar-hi a treballar. Disposa de Parket, separacions per despatxos: sala de juntes o despatx, sala de treball per 5 o 6 llocs, sala d&#8217;espera i&nbsp;Office, [&hellip;]</p>
