{"id":18057,"date":"2023-03-24T22:48:20","date_gmt":"2023-03-24T22:48:20","guid":{"rendered":"https:\/\/baldopromocions.com\/?post_type=property&#038;p=18057"},"modified":"2024-10-15T11:44:37","modified_gmt":"2024-10-15T11:44:37","slug":"18057-2","status":"publish","type":"property","link":"https:\/\/baldopromocions.com\/?property=18057-2","title":{"rendered":"Nau Industrial c\/ JOAN DUCH &#8211; Terrassa"},"content":{"rendered":"\n<p>Nau industrial-comercial de 487m2 i 3,90 metres d&#8217;altura, situada al centre de la ciutat, en un entorn molt comercial, zona Passeig 22 de juliol, Parc Vallparadis, Barri de Sant Pere. Ideal molts tipus de negocis com taller de cotxes, motos o altres tallers, venda de productes, magatzem, oficines, repartidors, etc. Per negocis que tinguin necessitat de ser a la vora del centra de la ciutat. Bona comunicaci\u00f3.<\/p>\n\n\n\n<p>Disposa de 3 despatxos, una sala de Juntes i 2 Banys independents complets amb dutxa i una gran zona de treball o magatzem di\u00e0fan.<\/p>\n\n\n\n<p>Aire condicionat als despatxos.<\/p>\n\n\n\n<p>Central de detecci\u00f3 d&#8217;incendis (pendent de revisi\u00f3), BIE (boca d&#8217;incendis) i m\u00e0nega instal\u00b7lades.<\/p>\n\n\n\n<p>Video-Porter, Alarma i Rellotge per a fitxatges d&#8217;empleats instal\u00b7lats (pendent de revisi\u00f3)<\/p>\n\n\n\n<p>Comptadors d&#8217;aigua i electricitat instal\u00b7lats, aixi com el servei d&#8217;incendis de la Mina d&#8217;aig\u00fces.<\/p>\n\n\n\n<p><\/p>\n\n\n\n<p>Aquesta nau est\u00e0 actualment llogada<\/p>\n\n\n\n<p><\/p>\n\n\n\n<figure class=\"wp-block-image size-large\"><img loading=\"lazy\" decoding=\"async\" width=\"1024\" height=\"768\" src=\"https:\/\/baldopromocions.com\/wp-content\/uploads\/2023\/03\/COBERTA-JOAN-DUCH-2024-10-1024x768.jpg\" alt=\"\" class=\"wp-image-18761\" srcset=\"https:\/\/baldopromocions.com\/wp-content\/uploads\/2023\/03\/COBERTA-JOAN-DUCH-2024-10-1024x768.jpg 1024w, https:\/\/baldopromocions.com\/wp-content\/uploads\/2023\/03\/COBERTA-JOAN-DUCH-2024-10-300x225.jpg 300w, https:\/\/baldopromocions.com\/wp-content\/uploads\/2023\/03\/COBERTA-JOAN-DUCH-2024-10-768x576.jpg 768w, https:\/\/baldopromocions.com\/wp-content\/uploads\/2023\/03\/COBERTA-JOAN-DUCH-2024-10-1536x1152.jpg 1536w, https:\/\/baldopromocions.com\/wp-content\/uploads\/2023\/03\/COBERTA-JOAN-DUCH-2024-10-592x444.jpg 592w, https:\/\/baldopromocions.com\/wp-content\/uploads\/2023\/03\/COBERTA-JOAN-DUCH-2024-10-584x438.jpg 584w, https:\/\/baldopromocions.com\/wp-content\/uploads\/2023\/03\/COBERTA-JOAN-DUCH-2024-10-800x600.jpg 800w, https:\/\/baldopromocions.com\/wp-content\/uploads\/2023\/03\/COBERTA-JOAN-DUCH-2024-10-120x90.jpg 120w, https:\/\/baldopromocions.com\/wp-content\/uploads\/2023\/03\/COBERTA-JOAN-DUCH-2024-10-496x372.jpg 496w, https:\/\/baldopromocions.com\/wp-content\/uploads\/2023\/03\/COBERTA-JOAN-DUCH-2024-10.jpg 1600w\" sizes=\"auto, (max-width: 1024px) 100vw, 1024px\" \/><\/figure>\n\n\n\n<p><\/p>\n\n\n\n<figure class=\"wp-block-image size-large\"><img loading=\"lazy\" decoding=\"async\" width=\"1024\" height=\"768\" src=\"https:\/\/baldopromocions.com\/wp-content\/uploads\/2023\/03\/IMG_3793-1024x768.jpg\" alt=\"\" class=\"wp-image-18769\" srcset=\"https:\/\/baldopromocions.com\/wp-content\/uploads\/2023\/03\/IMG_3793-1024x768.jpg 1024w, https:\/\/baldopromocions.com\/wp-content\/uploads\/2023\/03\/IMG_3793-300x225.jpg 300w, https:\/\/baldopromocions.com\/wp-content\/uploads\/2023\/03\/IMG_3793-768x576.jpg 768w, https:\/\/baldopromocions.com\/wp-content\/uploads\/2023\/03\/IMG_3793-1536x1152.jpg 1536w, https:\/\/baldopromocions.com\/wp-content\/uploads\/2023\/03\/IMG_3793-592x444.jpg 592w, https:\/\/baldopromocions.com\/wp-content\/uploads\/2023\/03\/IMG_3793-584x438.jpg 584w, https:\/\/baldopromocions.com\/wp-content\/uploads\/2023\/03\/IMG_3793-800x600.jpg 800w, https:\/\/baldopromocions.com\/wp-content\/uploads\/2023\/03\/IMG_3793-120x90.jpg 120w, https:\/\/baldopromocions.com\/wp-content\/uploads\/2023\/03\/IMG_3793-496x372.jpg 496w, https:\/\/baldopromocions.com\/wp-content\/uploads\/2023\/03\/IMG_3793.jpg 2016w\" sizes=\"auto, (max-width: 1024px) 100vw, 1024px\" \/><\/figure>\n\n\n\n<figure class=\"wp-block-image size-large\"><img loading=\"lazy\" decoding=\"async\" width=\"1024\" height=\"768\" src=\"https:\/\/baldopromocions.com\/wp-content\/uploads\/2024\/10\/IMG_61441-1024x768.jpg\" alt=\"\" class=\"wp-image-18783\" srcset=\"https:\/\/baldopromocions.com\/wp-content\/uploads\/2024\/10\/IMG_61441-1024x768.jpg 1024w, https:\/\/baldopromocions.com\/wp-content\/uploads\/2024\/10\/IMG_61441-300x225.jpg 300w, https:\/\/baldopromocions.com\/wp-content\/uploads\/2024\/10\/IMG_61441-768x576.jpg 768w, https:\/\/baldopromocions.com\/wp-content\/uploads\/2024\/10\/IMG_61441-1536x1152.jpg 1536w, https:\/\/baldopromocions.com\/wp-content\/uploads\/2024\/10\/IMG_61441-592x444.jpg 592w, https:\/\/baldopromocions.com\/wp-content\/uploads\/2024\/10\/IMG_61441-584x438.jpg 584w, https:\/\/baldopromocions.com\/wp-content\/uploads\/2024\/10\/IMG_61441-800x600.jpg 800w, https:\/\/baldopromocions.com\/wp-content\/uploads\/2024\/10\/IMG_61441-120x90.jpg 120w, https:\/\/baldopromocions.com\/wp-content\/uploads\/2024\/10\/IMG_61441-496x372.jpg 496w, https:\/\/baldopromocions.com\/wp-content\/uploads\/2024\/10\/IMG_61441.jpg 2016w\" sizes=\"auto, (max-width: 1024px) 100vw, 1024px\" \/><\/figure>\n","protected":false},"excerpt":{"rendered":"<p>Nau industrial-comercial de 487m2 i 3,90 metres d&#8217;altura, situada al centre de la ciutat, en un entorn molt comercial, zona Passeig 22 de juliol, Parc Vallparadis, Barri de Sant Pere. Ideal molts tipus de negocis com taller de cotxes, motos o altres tallers, venda de productes, magatzem, oficines, repartidors, etc. Per negocis que tinguin necessitat [&hellip;]<\/p>\n","protected":false},"author":3,"featured_media":0,"parent":0,"menu_order":0,"template":"","property_type":[78,79],"property_status":[28],"property_feature":[],"property_label":[94],"property_country":[],"property_state":[],"property_city":[23],"property_area":[],"class_list":["post-18057","property","type-property","status-publish","hentry","property_type-industrials","property_type-naus","property_status-lloguer","property_label-llogat","property_city-terrassa"],"property_meta":{"_edit_lock":["1728992678:1"],"_edit_last":["1"],"fave_property_size":["490"],"fave_property_size_prefix":["m\u00b2"],"fave_property_map":["1"],"fave_property_location":["41.56915672646,2.0172393799241,20"],"houzez_geolocation_lat":["41.56915672646"],"houzez_geolocation_long":["2.0172393799241"],"fave_property_map_street_view":["hide"],"fave_featured":["0"],"houzez_featured_listing_date":[""],"fave_loggedintoview":["0"],"fave_video_url":["http:\/\/www.youtube.com\/watch?v=KxYgfmiExCc"],"fave_agent_display_option":["author_info"],"fave_prop_homeslider":["no"],"fave_single_top_area":["global"],"fave_single_content_area":["global"],"houzez_manual_expire":["0"],"_houzez_expiration_date_status":["saved"],"houzez_total_property_views":["951"],"houzez_views_by_date":["a:61:{s:10:\"01-26-2026\";i:1;s:10:\"01-27-2026\";i:2;s:10:\"01-29-2026\";i:2;s:10:\"01-31-2026\";i:1;s:10:\"02-01-2026\";i:4;s:10:\"02-02-2026\";i:1;s:10:\"02-03-2026\";i:2;s:10:\"02-08-2026\";i:2;s:10:\"02-11-2026\";i:7;s:10:\"02-13-2026\";i:3;s:10:\"02-14-2026\";i:2;s:10:\"02-16-2026\";i:3;s:10:\"02-18-2026\";i:1;s:10:\"02-20-2026\";i:3;s:10:\"02-22-2026\";i:2;s:10:\"02-24-2026\";i:2;s:10:\"02-25-2026\";i:2;s:10:\"02-26-2026\";i:2;s:10:\"02-27-2026\";i:2;s:10:\"02-28-2026\";i:1;s:10:\"03-01-2026\";i:2;s:10:\"03-03-2026\";i:2;s:10:\"03-05-2026\";i:2;s:10:\"03-06-2026\";i:1;s:10:\"03-07-2026\";i:1;s:10:\"03-10-2026\";i:1;s:10:\"03-12-2026\";i:1;s:10:\"03-13-2026\";i:3;s:10:\"03-15-2026\";i:3;s:10:\"03-16-2026\";i:1;s:10:\"03-17-2026\";i:2;s:10:\"03-18-2026\";i:2;s:10:\"03-20-2026\";i:3;s:10:\"03-21-2026\";i:1;s:10:\"03-22-2026\";i:3;s:10:\"03-23-2026\";i:2;s:10:\"03-26-2026\";i:3;s:10:\"03-28-2026\";i:3;s:10:\"03-29-2026\";i:5;s:10:\"04-01-2026\";i:4;s:10:\"04-02-2026\";i:4;s:10:\"04-05-2026\";i:2;s:10:\"04-07-2026\";i:4;s:10:\"04-09-2026\";i:2;s:10:\"04-10-2026\";i:1;s:10:\"04-11-2026\";i:1;s:10:\"04-12-2026\";i:2;s:10:\"04-13-2026\";i:3;s:10:\"04-15-2026\";i:1;s:10:\"04-16-2026\";i:3;s:10:\"04-17-2026\";i:4;s:10:\"04-19-2026\";i:2;s:10:\"04-20-2026\";i:1;s:10:\"04-21-2026\";i:3;s:10:\"04-22-2026\";i:1;s:10:\"04-23-2026\";i:3;s:10:\"04-26-2026\";i:2;s:10:\"04-27-2026\";i:1;s:10:\"04-28-2026\";i:1;s:10:\"04-29-2026\";i:1;s:10:\"04-30-2026\";i:2;}"],"houzez_recently_viewed":["2026-04-30 19:50:10"],"rank_math_internal_links_processed":["1"],"rank_math_seo_score":["15"],"fave_property_bathrooms":["2"],"fave_aire-condicionat":["Si"],"fave_vestuaris":["Si"],"fave_porta-entrada-vehicles":["Si"],"fave_porta-entrada-vianants":["Si"],"fave_property_map_address":["Carrer Joan Duch, 56 Terrassa"],"fave_property_address":["c\/ Joan Duch, 56"],"fave_property_zip":["08222"],"floor_plans":["a:1:{i:0;a:3:{s:15:\"fave_plan_title\";s:17:\"Plano planta nave\";s:15:\"fave_plan_image\";s:85:\"https:\/\/baldopromocions.com\/wp-content\/uploads\/2023\/03\/JOAN-DUCH-PLANOLS-DOS-NAUS.jpg\";s:21:\"fave_plan_description\";s:38:\"Plano planta nave, es la nave de abajo\";}}"],"fave_property_images":["18058","18059","18060","18061","18062","18063","18064","18065","18066","18067","18068","18069","18070","18071","18072","18073","18074","18075","18076","18077","18078","18079","18080","18081","18082","18083","18084","18085","18086","18087"],"rank_math_og_content_image":["a:2:{s:5:\"check\";s:32:\"764fb6628ca887d7d5ef800391ab78d8\";s:6:\"images\";a:1:{i:0;i:18761;}}"]},"_links":{"self":[{"href":"https:\/\/baldopromocions.com\/index.php?rest_route=\/wp\/v2\/properties\/18057","targetHints":{"allow":["GET"]}}],"collection":[{"href":"https:\/\/baldopromocions.com\/index.php?rest_route=\/wp\/v2\/properties"}],"about":[{"href":"https:\/\/baldopromocions.com\/index.php?rest_route=\/wp\/v2\/types\/property"}],"author":[{"embeddable":true,"href":"https:\/\/baldopromocions.com\/index.php?rest_route=\/wp\/v2\/users\/3"}],"version-history":[{"count":7,"href":"https:\/\/baldopromocions.com\/index.php?rest_route=\/wp\/v2\/properties\/18057\/revisions"}],"predecessor-version":[{"id":18796,"href":"https:\/\/baldopromocions.com\/index.php?rest_route=\/wp\/v2\/properties\/18057\/revisions\/18796"}],"wp:attachment":[{"href":"https:\/\/baldopromocions.com\/index.php?rest_route=%2Fwp%2Fv2%2Fmedia&parent=18057"}],"wp:term":[{"taxonomy":"property_type","embeddable":true,"href":"https:\/\/baldopromocions.com\/index.php?rest_route=%2Fwp%2Fv2%2Fproperty_type&post=18057"},{"taxonomy":"property_status","embeddable":true,"href":"https:\/\/baldopromocions.com\/index.php?rest_route=%2Fwp%2Fv2%2Fproperty_status&post=18057"},{"taxonomy":"property_feature","embeddable":true,"href":"https:\/\/baldopromocions.com\/index.php?rest_route=%2Fwp%2Fv2%2Fproperty_feature&post=18057"},{"taxonomy":"property_label","embeddable":true,"href":"https:\/\/baldopromocions.com\/index.php?rest_route=%2Fwp%2Fv2%2Fproperty_label&post=18057"},{"taxonomy":"property_country","embeddable":true,"href":"https:\/\/baldopromocions.com\/index.php?rest_route=%2Fwp%2Fv2%2Fproperty_country&post=18057"},{"taxonomy":"property_state","embeddable":true,"href":"https:\/\/baldopromocions.com\/index.php?rest_route=%2Fwp%2Fv2%2Fproperty_state&post=18057"},{"taxonomy":"property_city","embeddable":true,"href":"https:\/\/baldopromocions.com\/index.php?rest_route=%2Fwp%2Fv2%2Fproperty_city&post=18057"},{"taxonomy":"property_area","embeddable":true,"href":"https:\/\/baldopromocions.com\/index.php?rest_route=%2Fwp%2Fv2%2Fproperty_area&post=18057"}],"curies":[{"name":"wp","href":"https:\/\/api.w.org\/{rel}","templated":true}]}}

<p>Nau industrial-comercial de 487m2 i 3,90 metres d&#8217;altura, situada al centre de la ciutat, en un entorn molt comercial, zona Passeig 22 de juliol, Parc Vallparadis, Barri de Sant Pere. Ideal molts tipus de negocis com taller de cotxes, motos o altres tallers, venda de productes, magatzem, oficines, repartidors, etc. Per negocis que tinguin necessitat de ser a la vora del centra de la ciutat. Bona comunicació.</p>



<p>Disposa de 3 despatxos, una sala de Juntes i 2 Banys independents complets amb dutxa i una gran zona de treball o magatzem diàfan.</p>



<p>Aire condicionat als despatxos.</p>



<p>Central de detecció d&#8217;incendis (pendent de revisió), BIE (boca d&#8217;incendis) i mànega instal·lades.</p>



<p>Video-Porter, Alarma i Rellotge per a fitxatges d&#8217;empleats instal·lats (pendent de revisió)</p>



<p>Comptadors d&#8217;aigua i electricitat instal·lats, aixi com el servei d&#8217;incendis de la Mina d&#8217;aigües.</p>



<p></p>



<p>Aquesta nau està actualment llogada</p>



<p></p>



<figure class="wp-block-image size-large"><img loading="lazy" decoding="async" width="1024" height="768" src="https://baldopromocions.com/wp-content/uploads/2023/03/COBERTA-JOAN-DUCH-2024-10-1024x768.jpg" alt="" class="wp-image-18761" srcset="https://baldopromocions.com/wp-content/uploads/2023/03/COBERTA-JOAN-DUCH-2024-10-1024x768.jpg 1024w, https://baldopromocions.com/wp-content/uploads/2023/03/COBERTA-JOAN-DUCH-2024-10-300x225.jpg 300w, https://baldopromocions.com/wp-content/uploads/2023/03/COBERTA-JOAN-DUCH-2024-10-768x576.jpg 768w, https://baldopromocions.com/wp-content/uploads/2023/03/COBERTA-JOAN-DUCH-2024-10-1536x1152.jpg 1536w, https://baldopromocions.com/wp-content/uploads/2023/03/COBERTA-JOAN-DUCH-2024-10-592x444.jpg 592w, https://baldopromocions.com/wp-content/uploads/2023/03/COBERTA-JOAN-DUCH-2024-10-584x438.jpg 584w, https://baldopromocions.com/wp-content/uploads/2023/03/COBERTA-JOAN-DUCH-2024-10-800x600.jpg 800w, https://baldopromocions.com/wp-content/uploads/2023/03/COBERTA-JOAN-DUCH-2024-10-120x90.jpg 120w, https://baldopromocions.com/wp-content/uploads/2023/03/COBERTA-JOAN-DUCH-2024-10-496x372.jpg 496w, https://baldopromocions.com/wp-content/uploads/2023/03/COBERTA-JOAN-DUCH-2024-10.jpg 1600w" sizes="auto, (max-width: 1024px) 100vw, 1024px" /></figure>



<p></p>



<figure class="wp-block-image size-large"><img loading="lazy" decoding="async" width="1024" height="768" src="https://baldopromocions.com/wp-content/uploads/2023/03/IMG_3793-1024x768.jpg" alt="" class="wp-image-18769" srcset="https://baldopromocions.com/wp-content/uploads/2023/03/IMG_3793-1024x768.jpg 1024w, https://baldopromocions.com/wp-content/uploads/2023/03/IMG_3793-300x225.jpg 300w, https://baldopromocions.com/wp-content/uploads/2023/03/IMG_3793-768x576.jpg 768w, https://baldopromocions.com/wp-content/uploads/2023/03/IMG_3793-1536x1152.jpg 1536w, https://baldopromocions.com/wp-content/uploads/2023/03/IMG_3793-592x444.jpg 592w, https://baldopromocions.com/wp-content/uploads/2023/03/IMG_3793-584x438.jpg 584w, https://baldopromocions.com/wp-content/uploads/2023/03/IMG_3793-800x600.jpg 800w, https://baldopromocions.com/wp-content/uploads/2023/03/IMG_3793-120x90.jpg 120w, https://baldopromocions.com/wp-content/uploads/2023/03/IMG_3793-496x372.jpg 496w, https://baldopromocions.com/wp-content/uploads/2023/03/IMG_3793.jpg 2016w" sizes="auto, (max-width: 1024px) 100vw, 1024px" /></figure>



<figure class="wp-block-image size-large"><img loading="lazy" decoding="async" width="1024" height="768" src="https://baldopromocions.com/wp-content/uploads/2024/10/IMG_61441-1024x768.jpg" alt="" class="wp-image-18783" srcset="https://baldopromocions.com/wp-content/uploads/2024/10/IMG_61441-1024x768.jpg 1024w, https://baldopromocions.com/wp-content/uploads/2024/10/IMG_61441-300x225.jpg 300w, https://baldopromocions.com/wp-content/uploads/2024/10/IMG_61441-768x576.jpg 768w, https://baldopromocions.com/wp-content/uploads/2024/10/IMG_61441-1536x1152.jpg 1536w, https://baldopromocions.com/wp-content/uploads/2024/10/IMG_61441-592x444.jpg 592w, https://baldopromocions.com/wp-content/uploads/2024/10/IMG_61441-584x438.jpg 584w, https://baldopromocions.com/wp-content/uploads/2024/10/IMG_61441-800x600.jpg 800w, https://baldopromocions.com/wp-content/uploads/2024/10/IMG_61441-120x90.jpg 120w, https://baldopromocions.com/wp-content/uploads/2024/10/IMG_61441-496x372.jpg 496w, https://baldopromocions.com/wp-content/uploads/2024/10/IMG_61441.jpg 2016w" sizes="auto, (max-width: 1024px) 100vw, 1024px" /></figure>
